 prime factors of k.
2, 73
Let a = -299 + 668. List the prime factors of a.
3, 41
Let l(u) = u**2 - 8*u - 6. Let q be l(7). Let f = -11 - q. Suppose -f*g = -0*g - 4*n - 36, 3*g - 2*n = 38. List the prime factors of g.
2, 5
Let l(g) = 13*g**2 - 32*g - 28. Let k(c) = 3*c**2 - 8*c - 7. Suppose 0 = -3*z + z - 4. Let q(n) = z*l(n) + 9*k(n). List the prime factors of q(9).
2
Let k be 8/16 + 27/6 + -2. List the prime factors of 12/(-8)*k*(-6)/9.
3
Let t = 4448 + -2703. List the prime factors of t.
5, 349
What are the prime factors of 149336/30 + (-28)/(-210)?
2, 19, 131
Let h(z) = z - 2. Let p be h(8). Let n be (-1)/3 - 13/(-3). Suppose 3*c - 15 = -p, -n*l - 2*c = -18. List the prime factors of l.
3
Let h = -353 - -183. Let k = 251 + h. What are the prime factors of k?
3
Let u(v) = v**3 + 8*v**2 - 4*v - 5. Let c(j) = j**3 + 7*j**2 - 4*j - 6. Let n(r) = 3*c(r) - 2*u(r). What are the prime factors of n(-4)?
2, 3
Let p = -37 + 55. Suppose 2*c + p - 22 = 0. What are the prime factors of c?
2
Let b = 1267 - 425. List the prime factors of b.
2, 421
Suppose 5*y - 6*x - 1674 = -4*x, -y + 333 = -x. What are the prime factors of y?
2, 3, 7
Suppose 0 = -3*g - 22 - 8. Let c(x) = -3*x - 20. What are the prime factors of c(g)?
2, 5
Suppose -15*j + 50 = -5*j. Suppose 0 = -j*y + 60 + 20. List the prime factors of y.
2
Let x(d) = 185*d**3 - 2*d**2 + d. Let h be x(1). Let t be h/18 + (-16)/72. What are the prime factors of (-8)/((-32)/t - -3)?
2, 5
Suppose 4*a = -5*g + 199, -3*g - 32 = -a + 39. Let x = 107 - a. What are the prime factors of x?
3, 17
Suppose 3269 = 5*y + 4*z, -4*z = 3*y - 3*z - 1967. List the prime factors of y.
3, 73
Suppose -v = 3*v + 5*k - 8256, 2*k - 8268 = -4*v. List the prime factors of v.
2069
Suppose 906 = 40*f - 38*f. Suppose f = 5*o - 522. What are the prime factors of o?
3, 5, 13
Let j(f) be the first derivative of 43*f**2 - f - 22. List the prime factors of j(1).
5, 17
Suppose -3*r + 2*n + 3045 = 0, -5*n = 5*r - 6874 + 1774. What are the prime factors of r?
3, 113
Let b be (3 - (-13)/3)*45. Let i = b + -234. List the prime factors of i.
2, 3
Suppose -c + 2375 = -5*d, -2092 - 323 = -c - 3*d. What are the prime factors of c?
2, 3, 5
Let n(b) = 52*b**2 + 30*b - 96. What are the prime factors of n(5)?
2, 677
Let b(w) = -11 + 27*w - 6*w + 11. Let s be b(1). Suppose 0 = 3*x - s. List the prime factors of x.
7
What are the prime factors of ((-12)/9)/((-10)/7035)?
2, 7, 67
Let l(w) = -6*w**2 - 8 - 22*w**3 + 18*w**3 + 2*w + 3*w**3. What are the prime factors of l(-9)?
7, 31
Let a = 1407 - 95. List the prime factors of a.
2, 41
Let o be (9/6)/(2/(-8)*-2). Suppose o*b = 6*b - 162. What are the prime factors of b?
2, 3
Let b = -665 + 945. Suppose -9*g + b = -5*g. List the prime factors of g.
2, 5, 7
Let z = 813 + -538. List the prime factors of z.
5, 11
Let b(m) = -751*m - 94. What are the prime factors of b(-4)?
2, 3, 5, 97
Let t = 54 - 44. Suppose -4*d = -3*d. Suppose d = 4*x - 2*x - t. List the prime factors of x.
5
Suppose -503*y + 3220 = -498*y. List the prime factors of y.
2, 7, 23
Suppose 0 = 10*g - 4778 + 3728. List the prime factors of g.
3, 5, 7
Suppose -3*k = -4*a + 69, 4*k - 5*k + 27 = 2*a. What are the prime factors of (-30)/(-9)*a/2?
5
Let z = 29 + -44. Suppose 18*y - 96 = 2*y. Let n = y - z. List the prime factors of n.
3, 7
Let d(w) be the first derivative of w**2/2 + 4*w - 1. Let l be d(-2). Suppose 2*m - q - 53 = 0, 2*m + l*q = 31 + 37. What are the prime factors of m?
29
Suppose 13*n + 2468 = 27038. List the prime factors of n.
2, 3, 5, 7
Let u(n) = 3*n**2 - 37*n + 928. List the prime factors of u(39).
2, 11, 23
Suppose g + 17 = -5*b + 46, -g = -2*b + 13. Let v = b - -92. What are the prime factors of v?
2, 7
Let m(h) be the third derivative of -h**4/12 + 5*h**3/6 + 2*h**2. Let s be m(5). Let y(f) = 2*f**2 + 6*f - 6. List the prime factors of y(s).
2, 7
List the prime factors of (27 - 278)/((-2)/8).
2, 251
Suppose 3*m = 10*x - 6*x - 153, 183 = 5*x - m. List the prime factors of x.
2, 3
Suppose 0 = 2*l - 6, 2*b - 4*l + 507 = 3*b. What are the prime factors of b?
3, 5, 11
Suppose -j + 72 = 2*j + 2*y, 75 = 3*j + 3*y. Let v = j + -20. Suppose -143 = -2*g + a, -a - v = -1. What are the prime factors of g?
71
Suppose 4480 = 145*n - 141*n. What are the prime factors of n?
2, 5, 7
Let j(b) = -b**3 + 23*b**2 - 57*b - 14. What are the prime factors of j(19)?
347
Let i be (2/(-4))/((-1)/16). Suppose o = 3*y - 1 - 11, -o + i = y. Suppose 66 = 3*g + l, y*l = -g + l + 22. List the prime factors of g.
2, 11
Suppose -124 = -b + 225. Suppose -d + 3*m - 99 + b = 0, 2*m + 980 = 4*d. What are the prime factors of d?
2, 61
Suppose -2*g + 97 = v, 332 = 4*v - 5*g - 30. Suppose n - v = -2*j, -3*n + 34 = j - 0*n. List the prime factors of j.
7
Let f = 1102 + 493. What are the prime factors of f?
5, 11, 29
Suppose 0 = -5*l + 10, 3*v = 7*v + 4*l - 24. List the prime factors of v/(24/678) + -2.
3, 37
Let i(f) = 64*f**2 - 8*f - 13. Let t(a) = a + 1. Let p(v) = i(v) + 3*t(v). What are the prime factors of p(-2)?
2
Let k(y) = 2*y**2 + 8*y + 8. Suppose -19 - 1 = 5*m. Let o be k(m). Suppose o*i - 6*i - 120 = 0. List the prime factors of i.
2, 3, 5
Let h(n) = 9 + 4*n + 7 + 0*n - 8*n. Let g be h(4). List the prime factors of (-92)/(-23) + g + 72.
2, 19
Let s = 13 + -9. Let q(h) = h**3 - 3*h**2 - h - 3. What are the prime factors of q(s)?
3
Let v(c) = -c**3 - 60*c**2 + 93*c + 188. List the prime factors of v(-62).
2, 5, 211
Let i(t) = t**2. Let o be i(0). Suppose 12 = -p + 3*a, -5*p - 6 = -p + 2*a. What are the prime factors of 3*2*(o - p)?
2, 3
Suppose -149*y + 10140 = -136*y. What are the prime factors of y?
2, 3, 5, 13
Suppose -2*a = -8*r + 5*r - 857, 3*r = 5*a - 2156. List the prime factors of a.
433
Let n = -24 + 28. Let m = n - -30. What are the prime factors of m?
2, 17
Suppose 5*v + 701 = -4*t, t - 84 = -4*v - 273. Let z = 398 + t. List the prime factors of z.
229
Suppose -7*r + 8*r = 3. What are the prime factors of r/(-2)*((-3350)/(-15))/(-5)?
67
List the prime factors of 4 - -1*(127 + 0).
131
Suppose -28*c + 5*j + 22375 = -23*c, 0 = 4*j. List the prime factors of c.
5, 179
Suppose 12*b - 605 = 751. List the prime factors of b.
113
Let a(v) = v**3 + 5*v**2 - 8*v + 3. Let x be a(-6). Suppose -49 = -m - x. What are the prime factors of m?
2, 17
Let f(b) = -b**2 - 15*b + 5. Let s be f(-15). Suppose -m + 0*m + s = 0, -5*k = 4*m - 235. List the prime factors of k.
43
What are the prime factors of 9/432*16*23160/2?
2, 5, 193
What are the prime factors of -18*(-10)/(-15)*-78?
2, 3, 13
Let d(x) be the second derivative of 0 + 1/2*x**3 + 4*x - 1/20*x**5 - 1/3*x**4 + x**2. What are the prime factors of d(-5)?
2, 3
Let y = 6 - 0. Suppose -v + y*u - 2*u = -13, -3*v + 3*u = -21. Suppose -5*i + 0 = -v, 2*n + 3*i = 51. List the prime factors of n.
2, 3
Let i(j) = 25*j**2 + 6*j - 13. List the prime factors of i(5).
2, 3, 107
Let i(r) be the first derivative of -r**2 + r - 4. Let y be i(-1). Suppose -5*t = -t + h - 101, 0 = y*t - 4*h - 52. What are the prime factors of t?
2, 3
Let n = -2580 - -4524. List the prime factors of n.
2, 3
Let s = -43 - -386. Suppose -4*g + s = -i, i = 3*g - 3*i - 267. List the prime factors of g.
5, 17
Let t = -974 + 1572. List the prime factors of t.
2, 13, 23
Let y = 5 - 3. Let a(m) = m**2 - 3*m - 15. Let u be a(-2). What are the prime factors of (-3)/(-2) - u/y?
2
Let i be (9/(-27))/(2/18). Let l(p) = -8*p - 3. What are the prime factors of l(i)?
3, 7
Suppose 5423 = -48*h + 59*h. What are the prime factors of h?
17, 29
Let z = -2150 - -4392. List the prime factors of z.
2, 19, 59
Let w(x) = -x**3 + 20*x**2 - 24*x - 16. List the prime factors of w(18).
2, 5
Let r(b) = -1116*b**3 + 2*b**2 + 7*b + 5. What are the prime factors of r(-1)?
2, 3, 31
Suppose 0 = 3*s - h - 10230, -s + 28*h = 25*h - 3402. List the prime factors of s.
3, 379
Suppose 10 = z - 2*p, z + 6 = -5*p + 23. What are the prime factors of 29/4 - (-9)/z?
2
Let s be (-2)/(-10) + 114/30. Let o be 1184/40 - s/(-10). Suppose -3*f + 61 = -h, -3*h - 21 = -3*f + o. What are the prime factors of f?
2, 11
Suppose -2*a - 2 = -0, 80 = 5*h - 5*a. Suppose -12 = -h*n + 11*n. Suppose 0 = -2*m - n*m + 185. What are the prime factors of m?
37
Let f(o) = o + 67. Suppose 4*p - 205 = -333. List the 